 570. What is the highest common divisor of 320 and v?
64
Suppose 5*l - 1 - 69 = 0. Let s(f) = -f**2 + 14*f + 8. Let v be s(l). Calculate the greatest common factor of 56 and v.
8
Let m(r) = -55*r - 4. Let a be m(-3). Calculate the highest common factor of 23 and a.
23
Let k(o) = -o**2 - 10*o - 9. Let z be k(-7). Let v = -448 + 629. Suppose 0 = -6*i + 107 + v. Calculate the greatest common factor of i and z.
12
Suppose -14 = -2*l + 3*u, l - 8*u = -4*u + 12. Calculate the greatest common factor of 36 and l.
4
Suppose 2*i + 2*i - 624 = 0. Let v(r) = -6*r**2 - 9*r + 94. Let y be v(3). Calculate the highest common divisor of i and y.
13
Let l = -6 - -13. Let d = -9 + 11. Suppose 0 = -d*f + 11 + 3. What is the greatest common divisor of f and l?
7
Let q = 1215 - 1133. Calculate the greatest common divisor of q and 1148.
82
Let f(r) = -15*r**3 - 8*r**2 - 4*r - 5. Let p be f(-3). What is the highest common divisor of p and 20?
20
Suppose 6*v - 104 = 2*v. Let n be (-2 - -34)*(-5)/(-2). Suppose 0 = -3*j - 3*s + 114, 1 = -2*j + s + n. What is the highest common factor of j and v?
13
Suppose 0*t + 3*t + 5*n = 1342, -4*t + 2*n + 1772 = 0. Let o be (6/(-12))/((-3)/t). Let z be (o - 6)*2/4. What is the highest common divisor of z and 85?
17
Let j(h) = -h**2 - h**3 + 5 - 4*h**2 + 2*h**3 + 7*h - 6*h. Let z(g) = g + 5. Let f be z(0). Let o be j(f). What is the highest common divisor of 40 and o?
10
Suppose -40 = -5*b + 4*j + 260, -3*b = 3*j - 180. Suppose 200 = -55*l + b*l. Calculate the highest common factor of 4 and l.
4
Let o = -61 + 38. Let n = o - -31. What is the greatest common divisor of 72 and n?
8
Let t(h) = 2*h + 70. Let u be t(-14). What is the highest common factor of u and 462?
42
Suppose 0*p = -3*h - 3*p, -4*h = -2*p - 18. Let t = 1041 + -1014. Calculate the greatest common factor of t and h.
3
Let b(c) be the third derivative of c**4/6 + 5*c**3/6 - c**2. Suppose 5*p - 83 + 58 = 0. Let f be b(p). Calculate the highest common divisor of f and 225.
25
Suppose h + 3*v - 22 - 6 = 0, -v = -5*h + 60. Let d = 30 - 4. Calculate the highest common divisor of h and d.
13
Let l(o) = o**2 - 2*o + 1. Let t(s) = -s**2 - s. Let y(v) = l(v) - t(v). Let g be y(2). Calculate the greatest common factor of g and 14.
7
Let o(y) = 47*y - 23*y - 16*y + 5. Let i(d) = -d. Let j(a) = 5*i(a) + o(a). Let w be j(7). Calculate the highest common divisor of 78 and w.
26
Let h be (-4 + 4 + 1)/((-4)/(-20)). Calculate the greatest common divisor of h and 8.
1
Let u be ((-2)/10*-4)/((-10)/(-25)). Suppose -3*d + u*l = -154, -l + 42 = d + 3*l. Let t be (50/(-4))/(1/(-2)). What is the highest common divisor of d and t?
25
Suppose 2*h = 5*h - 1491. What is the greatest common factor of 71 and h?
71
Suppose -14*o - 12 = -16*o. Suppose -2*h + 69 + 39 = 0. Calculate the highest common factor of o and h.
6
Let r = 23 + -8. Let p = 19 - r. What is the highest common divisor of p and 36?
4
Let n be (-44)/99 + 3/(54/6920). What is the highest common factor of 12 and n?
12
Suppose -8*k - 173 = 59. Let m = -16 - k. What is the greatest common divisor of 91 and m?
13
Suppose 1 + 19 = 5*v. Suppose 38 - 6 = v*g. Let t be (1/(-3)*-1)/(4/96). Calculate the highest common factor of g and t.
8
Let a be ((-18)/(-4))/(66/1012). Suppose a = 7*z - 29. Calculate the highest common divisor of z and 21.
7
Suppose -570 = -0*k - 2*k. Let y be (-4 + 4)/4*3/(-6). Suppose -k = -3*t - y*t. Calculate the greatest common divisor of t and 19.
19
Let g(t) = t**3 + 25*t**2 + 16*t + 50. Let i be g(-24). What is the greatest common factor of 22 and i?
22
Suppose 2*q = -323 + 1219. What is the highest common divisor of 28 and q?
28
Let k(v) = 15*v**2 - 7*v + 4. Let m be k(-3). What is the highest common factor of 40 and m?
40
Let n = 17 - 11. Let o be (-20)/50 - 148/5. Let h = n - o. Calculate the highest common factor of 9 and h.
9
Let y = 71 - 51. What is the greatest common factor of 30 and y?
10
Suppose t + 11*g - 178 = 13*g, 0 = 3*t - 5*g - 533. Calculate the greatest common divisor of t and 22.
22
Let y(i) = i**3 + i**2 + 6. Let z be y(0). Suppose z*r + 76 = 622. Calculate the highest common factor of 13 and r.
13
Let w be ((-56)/12)/((-15)/360). Calculate the greatest common factor of 392 and w.
56
Let c(z) = -1004*z**3 - 3*z**2 - 4*z. Let o be c(-1). Calculate the greatest common divisor of 15 and o.
15
Suppose 81*f - 26*f - 5586 = 13*f. Suppose -4 = -5*n + 91. What is the highest common divisor of f and n?
19
Let s = 121 + -116. Suppose -156 = -s*h + 3*h. Calculate the highest common factor of h and 13.
13
Suppose 0*d = -7*d + 91. Let q be 0/(-2) + (-2 - -2). Let l = q + d. Calculate the greatest common divisor of 65 and l.
13
Let o be 2 + -2 - -20*3. Let y(f) = 4 - 20 + 0 - 8*f. Let j be y(-5). Calculate the highest common divisor of j and o.
12
Suppose 0 = 5*w - 3*p - 184, -5*p + 1 - 16 = 0. Let t be (-11)/(-5) - ((-203)/w + 6). Calculate the highest common divisor of t and 3.
1
Let i = -57 + 606. Let a = -384 + i. What is the greatest common factor of 15 and a?
15
Suppose 5*g + 2*q = 251 + 120, 3*g - 235 = 5*q. Let x be (-11)/((-5)/g*3). Calculate the highest common factor of 11 and x.
11
Suppose -67*u + 11519 = -25465. What is the greatest common divisor of u and 16?
8
Let y be (-41 + (-8)/(-2))*-3. What is the greatest common divisor of 74 and y?
37
Let c be ((-85)/(-34))/((-1)/(-2)). Suppose -c*n = -10*n + 250. What is the highest common divisor of n and 20?
10
Suppose 3*j - 22*j + 20 = -56. Let n = 50 - 14. Calculate the greatest common factor of j and n.
4
Let k(i) = -19*i + 257. Let y be k(6). Calculate the highest common divisor of y and 104.
13
Suppose -398*s = -404*s + 114. What is the highest common divisor of 3 and s?
1
Suppose o - 4*a + 5 = 2*o, 3*a = -2*o + 10. Suppose 64 = -4*w - 0. Let i = 21 + w. Calculate the greatest common divisor of o and i.
5
Suppose -4*q - 4*f + 116 = -336, 3*q + f = 333. Let i be 4/2*11/2. Calculate the highest common divisor of i and q.
11
Suppose -11*d + 7*d = -308. Suppose -5*j = 4*h - 200, 2*j - 4*j - h = -d. What is the highest common factor of 45 and j?
9
Let p(c) be the first derivative of c**3/3 - 4*c**2 + c + 5. Let b be p(-6). Calculate the greatest common factor of 34 and b.
17
Let y = 149 - 105. Calculate the greatest common divisor of y and 352.
44
Suppose -f - 14 + 16 = 0. Suppose 2*w + 5*c = 36, 7*w = 5*w + f*c + 64. Calculate the highest common divisor of w and 140.
28
Let w(c) = -c**3 - 48*c**2 + 51*c + 123. Let h be w(-49). What is the highest common divisor of 5 and h?
5
Let v be (38 - 31)/(((-22)/(-480))/11). Calculate the greatest common divisor of 105 and v.
105
Let b be (3 + -1 + -30)/(5/(-10)). Suppose -45*k + b = -38*k. What is the greatest common factor of 1 and k?
1
Let d = 296 + -278. Calculate the greatest common factor of d and 117.
9
Let o(f) = -f**2 + 26 - 9 + 0*f**2 + 280*f - 260*f. Let t be o(10). What is the highest common divisor of 9 and t?
9
Suppose 2*o + c = 447, -5*c = 4 + 1. What is the greatest common divisor of o and 168?
56
Let q(k) be the first derivative of -9*k**2/2 - 11*k - 18. Let f = -36 - -25. Let m be q(f). What is the highest common factor of 11 and m?
11
Let g(m) = -m**2 + 11*m - 10. Let v be g(9). Let c be 2*(1 - 3/6). What is the greatest common divisor of c and v?
1
Let r = 40 + -38. What is the greatest common divisor of 40 and r?
2
Let y(u) = 1417*u**2 + 4*u + 1. Let x be y(-1). What is the greatest common divisor of 14 and x?
14
Let y(k) = -k**3 + 14*k**2 - 2*k - 72. Let t be y(12). What is the highest common factor of 256 and t?
64
Suppose 3 = 3*v, 5*v + 43 = -2*h + 4*h. Suppose 0 = -5*p - 20, 3*y - 14*p - 56 = -12*p. What is the highest common factor of h and y?
8
Let s be (-12)/2*3/(-2). Let b(n) = -3*n**3 - n**2. Let y be b(-2). Let c be (-2)/s - y/(-9). What is the highest common divisor of c and 18?
2
Let a = -73 + 75. Let g(i) = 8*i - 1. Let s be g(a). Calculate the greatest common divisor of 30 and s.
15
Suppose 1383 = 3*s + 3*p, 2*s - 22*p - 923 = -25*p. Calculate the greatest common factor of s and 20.
20
Let z be ((-2)/(-2) + 2)/((-3)/(-171)). What is the greatest common factor of 9 and z?
9
Suppose 3*s = 5*r + 5, 0 = 2*s - 3*r + 2 - 4. Let n = 8 + s. Suppose -n*j + 23 + 31 = 0. Calculate the g